101100110110
-473b67 (base 16) to base 4
-101303231213
Convert 1203712 (base 9) to base 3.
1020010210102
What is -16431155 (base 8) in base 6?
-213425221
Convert fc00a (base 16) to base 10.
1032202
What is -111011111101111000111 (base 2) in base 5?
-1000334444
Convert -7831510 (base 9) to base 4.
-100010220321
2bc07c (base 16) to base 5
1213223244
538385 (base 12) to base 10
1320725
7502257 (base 9) to base 12
14187a4
What is -100110110000000110110 (base 2) in base 16?
-136036
-45242055 (base 6) to base 10
-1374227
What is -6496f (base 16) in base 8?
-1444557
Convert -8dfc (base 16) to base 12.
-19050
What is -abbab0 (base 14) in base 15?
-7a34e4
What is 230211111 (base 4) in base 9?
307443
What is 8b8198 (base 12) in base 15?
2e18ab
Convert -11e58 (base 15) to base 9.
-86452
Convert 1680 (base 11) to base 2.
100001100001
What is -397b65 (base 13) in base 9?
-2545278
What is -1111111011010010101 (base 2) in base 15?
-a496c
What is -8700501 (base 10) in base 2?
-100001001100001001010101
-7490 (base 12) to base 6
-135100
Convert 2043223 (base 5) to base 11.
23760
Convert 148765 (base 9) to base 12.
4511b
-3001330030 (base 4) to base 8
-3017414
Convert -2c6b2 (base 15) to base 16.
-22fa3
What is 213132031 (base 4) in base 10?
161677
What is 263a4 (base 15) in base 5?
12403304
1028364 (base 10) to base 16
fb10c
-13657 (base 11) to base 10
-19422
Convert 420262 (base 7) to base 8.
214754
-47043 (base 12) to base 6
-2012123
Convert 440210341 (base 5) to base 13.
50b7c0
139490 (base 12) to base 9
547840
What is 28fd8 (base 16) in base 7?
1266331
Convert -2507667 (base 9) to base 13.
-38998c
Convert 67352 (base 10) to base 8.
203430
Convert -34770 (base 10) to base 14.
-c958
-4697b3 (base 12) to base 7
-12442143
What is -1242067 (base 12) in base 4?
-31213213033
What is 14c58 (base 13) in base 14?
1053c
Convert -21325342 (base 7) to base 9.
-3376087
What is 165473 (base 11) in base 7?
2114460
Convert -112818 (base 9) to base 14.
-1a981
4363345 (base 9) to base 7
25634000
75201 (base 13) to base 14
56db5
What is 10100101100111011000 (base 2) in base 6?
22312320
What is 142532500 (base 6) in base 10?
2936052
-10877a (base 11) to base 12
-83aa1
Convert 43260616 (base 8) to base 9.
18381845
What is 5100b (base 16) in base 13?
b8031
What is 1301002002 (base 4) in base 13?
132969
What is 104f6b (base 16) in base 7?
12041230
-8664a1 (base 15) to base 16
-61a833
What is 40040341 (base 5) in base 3?
121000020020
What is -100110101020 (base 3) in base 14?
-4bbbd
What is 202234431 (base 5) in base 9?
1481470
-3178d (base 15) to base 16
-2651e
-1a0670 (base 11) to base 3
-120122212012
-1032013 (base 4) to base 7
-20401
-22074566 (base 8) to base 12
-17107b2
-3276773 (base 9) to base 7
-20662656
-8445050 (base 9) to base 16
-44ef1a
Convert 3554136 (base 7) to base 3.
211212212210
Convert 2695898 (base 10) to base 12.
aa0162
Convert -333133011 (base 4) to base 16.
-3f7c5
What is 76b04 (base 12) in base 15?
3183d
-10843500 (base 9) to base 14
-9b7a29
Convert 10001001001111011001111 (base 2) to base 15.
5dc71d
What is -1101000100010010 (base 2) in base 16?
-d112
What is 342120415 (base 6) in base 5?
3100344202
-1055310414 (base 6) to base 12
-3b1b40a
What is 55200240 (base 6) in base 9?
3082416
What is 311061 (base 7) in base 12?
26960
24c0c38 (base 14) to base 3
1020020220211210
42653 (base 7) to base 8
24576
Convert -405956 (base 13) to base 8.
-5555225
Convert 289673 (base 12) to base 16.
a6077
What is -1524473 (base 8) in base 11?
-278a84
What is 2c473a (base 14) in base 12?
628528
-200222333301 (base 4) to base 7
-132541014
What is 297124 (base 11) in base 16?
711e7
4e371 (base 16) to base 12
135495
What is -308c04 (base 16) in base 9?
-5878260
What is 3431312 (base 6) in base 11?
10a777
What is -552130 (base 6) in base 16?
-b316
Convert 61e48 (base 16) to base 14.
a61a8
What is 10021123010 (base 4) in base 9?
2036278
What is 3431003 (base 5) in base 4?
32333002
What is -8d269a (base 14) in base 9?
-10038381
What is -110850 (base 9) in base 6?
-1230543
What is -1133433002 (base 5) in base 6?
-132325024
Convert 22203131 (base 5) to base 6.
4054530
1025666 (base 7) to base 3
20022210102
93b387 (base 14) to base 4
103001122323
Convert -3f4ba4 (base 16) to base 7.
-50154452
-107a0a (base 16) to base 15
-164e2d
-81b (base 12) to base 5
-14200
-6312 (base 10) to base 9
-8583
1011211300 (base 4) to base 2
1000101100101110000
-210131112 (base 4) to base 9
-246756
What is 1915769 (base 11) in base 6?
153302554
47aa4 (base 13) to base 4
200011313
Convert 23132011 (base 5) to base 9.
346754
-3aba54 (base 13) to base 9
-2612264
What is -ab8bba (base 14) in base 11?
-3319525
What is 10a982 (base 13) in base 7?
3233166
Convert -35792 (base 13) to base 10.
-97970
Convert 11387b1 (base 12) to base 10.
3311989
What is -13a53 (base 15) in base 11?
-43434
201020211 (base 3) to base 16
36d3
What is -212110140 (base 5) in base 14?
-193d52
-714165 (base 10) to base 15
-e1910
What is -2b2b7a (base 12) in base 10?
-730894
Convert 1211430 (base 6) to base 10.
63882
What is -aa33d (base 14) in base 16?
-64a53
What is -7b365a (base 12) in base 8?
-7423346
444421223 (base 5) to base 4
13130123032
Convert 1c906 (base 13) to base 11.
39460
What is 1100111111011111 (base 2) in base 7?
311101
Convert 21176 (base 9) to base 7.
55551
1010110011011001 (base 2) to base 11
30277
Convert -632664 (base 7) to base 2.
-11010101000001111
-5407663 (base 10) to base 15
-71c40d
Convert 594255 (base 15) to base 14.
7d0c02
1341433044 (base 5) to base 10
3467899
What is -7740a (base 11) in base 3?
-12201001012
What is -1bc753 (base 14) in base 12?
-3bb819
What is -333332330112 (base 4) in base 15?
-1714b26
Convert 1123000002 (base 4) to base 9.
627263
2354 (base 8) to base 11
a46
What is -10111111001001111 (base 2) in base 10?
-97871
What is bb616 (base 12) in base 9?
417150
-1157456 (base 10) to base 14
-221b56
6b1653 (base 14) to base 8
15737611
Convert 22540614 (base 7) to base 5.
1001220303
-591da (base 15) to base 3
-112102110221
Convert -1100123310 (base 5) to base 12.
-953170
What is e88ce (base 15) in base 2?
10110100000111010000
Convert -57397 (base 12) to base 16.
-1c663
-19d441 (base 14) to base 15
-13293b
72571 (base 16) to base 14
c2969
What is 10000011110101010000 (base 2) in base 9?
1012642
Convert 111102120012 (base 3) to base 8.
1004164
What is -2523525 (base 9) in base 15?
-1c210e
7173224 (base 8) to base 4
13033122110
-13523242 (base 6) to base 12
-1a3522
What is -22222 (base 13) in base 11?
-42547
37a (base 14) to base 3
221210
-1b0dc (base 15) to base 16
-15795
-11340003 (base 5) to base 13
-39103
1055247 (base 12) to base 14
5a935d
-210101201 (base 3) to base 16
-3cee
Convert 271871 (base 9) to base 15.
34061
-a30809 (base 11) to base 13
-45c643
Convert 84087 (base 10) to base 7.
500103
Convert -51653 (base 14) to base 11.
-124349
What is 21330112 (base 4) in base 7?
226510
Convert -2053265 (base 8) to base 7.
-4434152
Convert -3358964 (base 10) to base 16.
-3340f4
What is -10746141 (base 8) in base 11?
-1362711
Convert 5315420 (base 8) to base 14.
28c036
Convert 1557d4 (base 16) to base 6.
45551352
29eae3 (base 15) to base 5
1004232323
-311a361 (base 12) to base 3
-122101201011201
What is 18006044 (base 9) in base 4?
202132300333
Convert -31237 (base 15) to base 9.
-256577
Convert -661cc1 (base 14) to base 12.
-11aba69
What is 10110000110010101111 (base 2) in base 11?
455072
Convert 72750144 (base 8) to base 11.
87a6061
Convert 45436a (base 16) to base 8.
21241552
What is 34572 (base 12) in base 8?
210446
Convert -91340b (base 14) to base 2.
-10010101001010100110011
-3157725 (base 9) to base 13
-47310b
What is -123110023111 (base 4) in base 5?
-3313114113
Convert 537842 (base 10) to base 5.
114202332
-3b04b4 (base 12) to base 7
-11201311
Convert -239243 (base 13) to base 2.
-11001111001000110011
1683355 (base 10) to base 11
a4a803
What is -43041322 (base 5) in base 6?
-11432155
Convert -33032233 (base 4) to base 14.
-18a3d
-2426462 (base 9) to base 16
-14185a
-19b329 (base 12) to base 6
-13430053
What is -65006b (base 13) in base 10?
-2370652
2010120020011 (base 3) to base 15
175aa7
Convert 1112203143 (base 5) to base 6.
124415542
Convert -500051 (base 8) to base 3.
-22022210200
Co